{"id":7,"date":"2021-12-28T20:05:46","date_gmt":"2021-12-28T19:05:46","guid":{"rendered":"https:\/\/imkereimuseum.ch\/?page_id=7"},"modified":"2022-01-06T09:02:19","modified_gmt":"2022-01-06T08:02:19","slug":"home","status":"publish","type":"page","link":"https:\/\/imkereimuseum.ch\/","title":{"rendered":"Startseite"},"content":{"rendered":"\n<div class=\"wp-block-cover alignfull has-custom-content-position is-position-top-center\" style=\"min-height:551px;aspect-ratio:unset;\"><img loading=\"lazy\" decoding=\"async\" width=\"2560\" height=\"1561\" class=\"wp-block-cover__image-background wp-image-75\" alt=\"\" src=\"https:\/\/imkereimuseum.ch\/wp-content\/uploads\/2022\/01\/Eingang-scaled.jpg\" style=\"object-position:50% 64%\" data-object-fit=\"cover\" data-object-position=\"50% 64%\" srcset=\"https:\/\/imkereimuseum.ch\/wp-content\/uploads\/2022\/01\/Eingang-scaled.jpg 2560w, https:\/\/imkereimuseum.ch\/wp-content\/uploads\/2022\/01\/Eingang-300x183.jpg 300w, https:\/\/imkereimuseum.ch\/wp-content\/uploads\/2022\/01\/Eingang-1024x624.jpg 1024w, https:\/\/imkereimuseum.ch\/wp-content\/uploads\/2022\/01\/Eingang-768x468.jpg 768w, https:\/\/imkereimuseum.ch\/wp-content\/uploads\/2022\/01\/Eingang-1536x937.jpg 1536w, https:\/\/imkereimuseum.ch\/wp-content\/uploads\/2022\/01\/Eingang-2048x1249.jpg 2048w\" sizes=\"auto, (max-width: 2560px) 100vw, 2560px\" \/><div class=\"wp-block-cover__inner-container is-layout-flow wp-block-cover-is-layout-flow\">\n<div style=\"height:80px\" aria-hidden=\"true\" class=\"wp-block-spacer\"><\/div>\n\n\n\n<h1 class=\"has-text-align-center has-nv-light-bg-color has-text-color wp-block-heading\">Imkereimuseum<\/h1>\n<\/div><\/div>\n\n\n\n<div style=\"height:50px\" aria-hidden=\"true\" class=\"wp-block-spacer\"><\/div>\n\n\n\n<p class=\"has-text-align-center\"> Das Imkereimuseum in Gr\u00fcningen zeigt eine Sammlung an Exponaten um die Imkerei. <br>Das Museum wird von <a href=\"https:\/\/imker-hinwil.ch\/\">Imkerverein Bezirk Hinwil<\/a> gef\u00fchrt. <\/p>\n\n\n\n<div style=\"height:50px\" aria-hidden=\"true\" class=\"wp-block-spacer\"><\/div>\n\n\n\n<div class=\"wp-block-columns is-layout-flex wp-container-core-columns-is-layout-9d6595d7 wp-block-columns-is-layout-flex\">\n<div class=\"wp-block-column is-layout-flow wp-block-column-is-layout-flow\">\n<h3 class=\"has-text-align-center has-neve-text-color-color has-text-color wp-block-heading\">\u00d6ffnungszeiten<\/h3>\n\n\n\n<p class=\"has-text-align-center\">April bis Oktober jeweils am 1. und 3. Sonntag im Monat von 14.00 bis 17.00 Uhr (ausgenommen hohe Feiertage).<\/p>\n<\/div>\n\n\n\n<div class=\"wp-block-column is-layout-flow wp-block-column-is-layout-flow\">\n<h3 class=\"has-text-align-center has-neve-text-color-color has-text-color wp-block-heading\">F\u00fchrungen<\/h3>\n\n\n\n<p class=\"has-text-align-center\">F\u00fchrungen werden nach Vereinbarung durchgef\u00fchrt.<\/p>\n<\/div>\n\n\n\n<div class=\"wp-block-column is-layout-flow wp-block-column-is-layout-flow\">\n<h3 class=\"has-text-align-center has-neve-text-color-color has-text-color wp-block-heading\">Preise<\/h3>\n\n\n\n<p class=\"has-text-align-center\">Der Eintritt ist frei, freiwillige Beitr\u00e4ge sind willkommen.<\/p>\n<\/div>\n<\/div>\n\n\n\n<div style=\"height:50px\" aria-hidden=\"true\" class=\"wp-block-spacer\"><\/div>\n\n\n\n<div class=\"wp-block-cover alignfull has-nv-light-bg-background-color has-background-dim\" style=\"min-height:600px;aspect-ratio:unset;\"><div class=\"wp-block-cover__inner-container is-layout-flow wp-block-cover-is-layout-flow\">\n<div class=\"wp-block-group\"><div class=\"wp-block-group__inner-container is-layout-flow wp-block-group-is-layout-flow\">\n<div style=\"height:50px\" aria-hidden=\"true\" class=\"wp-block-spacer\"><\/div>\n\n\n\n<div class=\"wp-block-columns are-vertically-aligned-center is-layout-flex wp-container-core-columns-is-layout-9d6595d7 wp-block-columns-is-layout-flex\">\n<div class=\"wp-block-column is-vertically-aligned-center is-layout-flow wp-block-column-is-layout-flow\" style=\"flex-basis:50%\">\n<figure class=\"wp-block-image size-full\"><img loading=\"lazy\" decoding=\"async\" width=\"1024\" height=\"768\" src=\"https:\/\/imkereimuseum.ch\/wp-content\/uploads\/2021\/12\/b2ap3_large_imkereimuseum_grueningen_01-2016.jpg\" alt=\"\" class=\"wp-image-26\" srcset=\"https:\/\/imkereimuseum.ch\/wp-content\/uploads\/2021\/12\/b2ap3_large_imkereimuseum_grueningen_01-2016.jpg 1024w, https:\/\/imkereimuseum.ch\/wp-content\/uploads\/2021\/12\/b2ap3_large_imkereimuseum_grueningen_01-2016-300x225.jpg 300w, https:\/\/imkereimuseum.ch\/wp-content\/uploads\/2021\/12\/b2ap3_large_imkereimuseum_grueningen_01-2016-768x576.jpg 768w\" sizes=\"auto, (max-width: 1024px) 100vw, 1024px\" \/><\/figure>\n<\/div>\n\n\n\n<div class=\"wp-block-column is-vertically-aligned-center is-layout-flow wp-block-column-is-layout-flow\" style=\"flex-basis:50%\">\n<h2 class=\"has-text-align-left has-neve-text-color-color has-text-color wp-block-heading\">Kontakt<\/h2>\n\n\n\n<p class=\"has-text-align-left has-neve-text-color-color has-text-color\" style=\"font-size:17px\"> Imkereimuseum M\u00fcli<br>8627 Gr\u00fcningen<br>E-Mail:&nbsp;info@imkereimuseum.ch <\/p>\n<\/div>\n<\/div>\n<\/div><\/div>\n<\/div><\/div>\n\n\n\n<div class=\"wp-block-cover alignfull has-nv-site-bg-background-color has-background-dim\" style=\"min-height:600px;aspect-ratio:unset;\"><div class=\"wp-block-cover__inner-container is-layout-flow wp-block-cover-is-layout-flow\">\n<div class=\"wp-block-group\"><div class=\"wp-block-group__inner-container is-layout-flow wp-block-group-is-layout-flow\">\n<div style=\"height:50px\" aria-hidden=\"true\" class=\"wp-block-spacer\"><\/div>\n\n\n\n<div class=\"wp-block-columns are-vertically-aligned-center is-layout-flex wp-container-core-columns-is-layout-9d6595d7 wp-block-columns-is-layout-flex\">\n<div class=\"wp-block-column is-vertically-aligned-center is-layout-flow wp-block-column-is-layout-flow\" style=\"flex-basis:50%\">\n<h2 class=\"has-text-align-left has-neve-text-color-color has-text-color wp-block-heading\">Lage<\/h2>\n\n\n\n<p class=\"has-neve-text-color-color has-text-color\">Das Imkereimuseum befindet sich in der M\u00fclischeune von Gr\u00fcningen unterhalb des Schlosses.<\/p>\n\n\n\n<ul class=\"has-neve-text-color-color has-text-color wp-block-list\"><li><strong>UTM-Koordinaten<\/strong>&nbsp;(WGS84) 32T 481888 5236830<\/li><li><strong>CH1903<\/strong>&nbsp;Y 699998 X 237931<\/li><li><a class=\"\" rel=\"noreferrer noopener\" href=\"https:\/\/www.google.ch\/maps\/place\/47%C2%B017'05.2%22N+8%C2%B045'37.6%22E\/@47.2837704,8.7584117,17z\/data=!4m5!3m4!1s0x0:0x0!8m2!3d47.2847748!4d8.7604555\" target=\"_blank\">47.28477479922192,8.760455467320298<\/a><\/li><\/ul>\n<\/div>\n\n\n\n<div class=\"wp-block-column is-vertically-aligned-center is-layout-flow wp-block-column-is-layout-flow\" style=\"flex-basis:50%\">\n<iframe src=\"https:\/\/www.google.com\/maps\/embed?pb=!1m14!1m8!1m3!1d1267.2923172908856!2d8.760237667679604!3d47.284573436388186!3m2!1i1024!2i768!4f13.1!3m3!1m2!1s0x0%3A0xbcc088ab1916ca82!2zNDfCsDE3JzA1LjIiTiA4wrA0NSczNy42IkU!5e1!3m2!1sde!2sch!4v1640719476925!5m2!1sde!2sch\" width=\"600\" height=\"450\" style=\"border:0;\" allowfullscreen=\"\" loading=\"lazy\"><\/iframe>\n<\/div>\n<\/div>\n<\/div><\/div>\n<\/div><\/div>\n\n\n\n<div class=\"wp-block-cover alignfull has-nv-light-bg-background-color has-background-dim\" style=\"min-height:600px;aspect-ratio:unset;\"><div class=\"wp-block-cover__inner-container is-layout-flow wp-block-cover-is-layout-flow\">\n<div class=\"wp-block-group\"><div class=\"wp-block-group__inner-container is-layout-flow wp-block-group-is-layout-flow\">\n<div style=\"height:50px\" aria-hidden=\"true\" class=\"wp-block-spacer\"><\/div>\n\n\n\n<div class=\"wp-block-columns are-vertically-aligned-center is-layout-flex wp-container-core-columns-is-layout-9d6595d7 wp-block-columns-is-layout-flex\">\n<div class=\"wp-block-column is-vertically-aligned-center is-layout-flow wp-block-column-is-layout-flow\" style=\"flex-basis:50%\">\n<div data-wp-interactive=\"core\/file\" class=\"wp-block-file\"><object data-wp-bind--hidden=\"!state.hasPdfPreview\" hidden class=\"wp-block-file__embed\" data=\"https:\/\/imkereimuseum.ch\/wp-content\/uploads\/2021\/12\/flyer_imkereimuseum.pdf\" type=\"application\/pdf\" style=\"width:100%;height:600px\" aria-label=\"Einbettung von Einbettung von flyer_imkereimuseum..\"><\/object><a href=\"https:\/\/imkereimuseum.ch\/wp-content\/uploads\/2021\/12\/flyer_imkereimuseum.pdf\">flyer_imkereimuseum<\/a><a href=\"https:\/\/imkereimuseum.ch\/wp-content\/uploads\/2021\/12\/flyer_imkereimuseum.pdf\" class=\"wp-block-file__button\" download>Herunterladen<\/a><\/div>\n<\/div>\n\n\n\n<div class=\"wp-block-column is-vertically-aligned-center is-layout-flow wp-block-column-is-layout-flow\" style=\"flex-basis:50%\">\n<h2 class=\"has-text-align-left has-neve-text-color-color has-text-color wp-block-heading\">Sponsoring<\/h2>\n\n\n\n<p class=\"has-text-align-left has-neve-text-color-color has-text-color\" style=\"font-size:17px\">Weitere Rarit\u00e4ten oder Spenden werden gerne entgegengenommen. Sponsoren werden hier und in der gedruckten Version mit Namen und Logo erw\u00e4hnt.<\/p>\n<\/div>\n<\/div>\n<\/div><\/div>\n<\/div><\/div>\n","protected":false},"excerpt":{"rendered":"<p>Das Imkereimuseum in Gr\u00fcningen zeigt eine Sammlung an Exponaten um die Imkerei. Das Museum wird von Imkerverein Bezirk Hinwil gef\u00fchrt. \u00d6ffnungszeiten April bis Oktober jeweils am 1. und 3. Sonntag im Monat von 14.00 bis 17.00 Uhr (ausgenommen hohe Feiertage). F\u00fchrungen F\u00fchrungen werden nach Vereinbarung durchgef\u00fchrt. Preise Der Eintritt ist frei, freiwillige Beitr\u00e4ge sind willkommen.<\/p>\n","protected":false},"author":1,"featured_media":0,"parent":0,"menu_order":0,"comment_status":"closed","ping_status":"closed","template":"","meta":{"neve_meta_sidebar":"","neve_meta_container":"","neve_meta_enable_content_width":"on","neve_meta_content_width":100,"neve_meta_title_alignment":"","neve_meta_author_avatar":"","neve_post_elements_order":"","neve_meta_disable_header":"","neve_meta_disable_footer":"","neve_meta_disable_title":"on","footnotes":""},"class_list":["post-7","page","type-page","status-publish","hentry"],"_links":{"self":[{"href":"https:\/\/imkereimuseum.ch\/index.php?rest_route=\/wp\/v2\/pages\/7","targetHints":{"allow":["GET"]}}],"collection":[{"href":"https:\/\/imkereimuseum.ch\/index.php?rest_route=\/wp\/v2\/pages"}],"about":[{"href":"https:\/\/imkereimuseum.ch\/index.php?rest_route=\/wp\/v2\/types\/page"}],"author":[{"embeddable":true,"href":"https:\/\/imkereimuseum.ch\/index.php?rest_route=\/wp\/v2\/users\/1"}],"replies":[{"embeddable":true,"href":"https:\/\/imkereimuseum.ch\/index.php?rest_route=%2Fwp%2Fv2%2Fcomments&post=7"}],"version-history":[{"count":15,"href":"https:\/\/imkereimuseum.ch\/index.php?rest_route=\/wp\/v2\/pages\/7\/revisions"}],"predecessor-version":[{"id":77,"href":"https:\/\/imkereimuseum.ch\/index.php?rest_route=\/wp\/v2\/pages\/7\/revisions\/77"}],"wp:attachment":[{"href":"https:\/\/imkereimuseum.ch\/index.php?rest_route=%2Fwp%2Fv2%2Fmedia&parent=7"}],"curies":[{"name":"wp","href":"https:\/\/api.w.org\/{rel}","templated":true}]}}

<div class="wp-block-cover alignfull has-custom-content-position is-position-top-center" style="min-height:551px;aspect-ratio:unset;"><img loading="lazy" decoding="async" width="2560" height="1561" class="wp-block-cover__image-background wp-image-75" alt="" src="https://imkereimuseum.ch/wp-content/uploads/2022/01/Eingang-scaled.jpg" style="object-position:50% 64%" data-object-fit="cover" data-object-position="50% 64%" srcset="https://imkereimuseum.ch/wp-content/uploads/2022/01/Eingang-scaled.jpg 2560w, https://imkereimuseum.ch/wp-content/uploads/2022/01/Eingang-300x183.jpg 300w, https://imkereimuseum.ch/wp-content/uploads/2022/01/Eingang-1024x624.jpg 1024w, https://imkereimuseum.ch/wp-content/uploads/2022/01/Eingang-768x468.jpg 768w, https://imkereimuseum.ch/wp-content/uploads/2022/01/Eingang-1536x937.jpg 1536w, https://imkereimuseum.ch/wp-content/uploads/2022/01/Eingang-2048x1249.jpg 2048w" sizes="auto, (max-width: 2560px) 100vw, 2560px" /><div class="wp-block-cover__inner-container is-layout-flow wp-block-cover-is-layout-flow">
<div style="height:80px" aria-hidden="true" class="wp-block-spacer"></div>



<h1 class="has-text-align-center has-nv-light-bg-color has-text-color wp-block-heading">Imkereimuseum</h1>
</div></div>



<div style="height:50px" aria-hidden="true" class="wp-block-spacer"></div>



<p class="has-text-align-center"> Das Imkereimuseum in Grüningen zeigt eine Sammlung an Exponaten um die Imkerei. <br>Das Museum wird von <a href="https://imker-hinwil.ch/">Imkerverein Bezirk Hinwil</a> geführt. </p>



<div style="height:50px" aria-hidden="true" class="wp-block-spacer"></div>



<div class="wp-block-columns is-layout-flex wp-container-core-columns-is-layout-9d6595d7 wp-block-columns-is-layout-flex">
<div class="wp-block-column is-layout-flow wp-block-column-is-layout-flow">
<h3 class="has-text-align-center has-neve-text-color-color has-text-color wp-block-heading">Öffnungszeiten</h3>



<p class="has-text-align-center">April bis Oktober jeweils am 1. und 3. Sonntag im Monat von 14.00 bis 17.00 Uhr (ausgenommen hohe Feiertage).</p>
</div>



<div class="wp-block-column is-layout-flow wp-block-column-is-layout-flow">
<h3 class="has-text-align-center has-neve-text-color-color has-text-color wp-block-heading">Führungen</h3>



<p class="has-text-align-center">Führungen werden nach Vereinbarung durchgeführt.</p>
</div>



<div class="wp-block-column is-layout-flow wp-block-column-is-layout-flow">
<h3 class="has-text-align-center has-neve-text-color-color has-text-color wp-block-heading">Preise</h3>



<p class="has-text-align-center">Der Eintritt ist frei, freiwillige Beiträge sind willkommen.</p>
</div>
</div>



<div style="height:50px" aria-hidden="true" class="wp-block-spacer"></div>



<div class="wp-block-cover alignfull has-nv-light-bg-background-color has-background-dim" style="min-height:600px;aspect-ratio:unset;"><div class="wp-block-cover__inner-container is-layout-flow wp-block-cover-is-layout-flow">
<div class="wp-block-group"><div class="wp-block-group__inner-container is-layout-flow wp-block-group-is-layout-flow">
<div style="height:50px" aria-hidden="true" class="wp-block-spacer"></div>



<div class="wp-block-columns are-vertically-aligned-center is-layout-flex wp-container-core-columns-is-layout-9d6595d7 wp-block-columns-is-layout-flex">
<div class="wp-block-column is-vertically-aligned-center is-layout-flow wp-block-column-is-layout-flow" style="flex-basis:50%">
<figure class="wp-block-image size-full"><img loading="lazy" decoding="async" width="1024" height="768" src="https://imkereimuseum.ch/wp-content/uploads/2021/12/b2ap3_large_imkereimuseum_grueningen_01-2016.jpg" alt="" class="wp-image-26" srcset="https://imkereimuseum.ch/wp-content/uploads/2021/12/b2ap3_large_imkereimuseum_grueningen_01-2016.jpg 1024w, https://imkereimuseum.ch/wp-content/uploads/2021/12/b2ap3_large_imkereimuseum_grueningen_01-2016-300x225.jpg 300w, https://imkereimuseum.ch/wp-content/uploads/2021/12/b2ap3_large_imkereimuseum_grueningen_01-2016-768x576.jpg 768w" sizes="auto, (max-width: 1024px) 100vw, 1024px" /></figure>
</div>



<div class="wp-block-column is-vertically-aligned-center is-layout-flow wp-block-column-is-layout-flow" style="flex-basis:50%">
<h2 class="has-text-align-left has-neve-text-color-color has-text-color wp-block-heading">Kontakt</h2>



<p class="has-text-align-left has-neve-text-color-color has-text-color" style="font-size:17px"> Imkereimuseum Müli<br>8627 Grüningen<br>E-Mail:&nbsp;info@imkereimuseum.ch </p>
</div>
</div>
</div></div>
</div></div>



<div class="wp-block-cover alignfull has-nv-site-bg-background-color has-background-dim" style="min-height:600px;aspect-ratio:unset;"><div class="wp-block-cover__inner-container is-layout-flow wp-block-cover-is-layout-flow">
<div class="wp-block-group"><div class="wp-block-group__inner-container is-layout-flow wp-block-group-is-layout-flow">
<div style="height:50px" aria-hidden="true" class="wp-block-spacer"></div>



<div class="wp-block-columns are-vertically-aligned-center is-layout-flex wp-container-core-columns-is-layout-9d6595d7 wp-block-columns-is-layout-flex">
<div class="wp-block-column is-vertically-aligned-center is-layout-flow wp-block-column-is-layout-flow" style="flex-basis:50%">
<h2 class="has-text-align-left has-neve-text-color-color has-text-color wp-block-heading">Lage</h2>



<p class="has-neve-text-color-color has-text-color">Das Imkereimuseum befindet sich in der Mülischeune von Grüningen unterhalb des Schlosses.</p>



<ul class="has-neve-text-color-color has-text-color wp-block-list"><li><strong>UTM-Koordinaten</strong>&nbsp;(WGS84) 32T 481888 5236830</li><li><strong>CH1903</strong>&nbsp;Y 699998 X 237931</li><li><a class="" rel="noreferrer noopener" href="https://www.google.ch/maps/place/47%C2%B017'05.2%22N+8%C2%B045'37.6%22E/@47.2837704,8.7584117,17z/data=!4m5!3m4!1s0x0:0x0!8m2!3d47.2847748!4d8.7604555" target="_blank">47.28477479922192,8.760455467320298</a></li></ul>
</div>



<div class="wp-block-column is-vertically-aligned-center is-layout-flow wp-block-column-is-layout-flow" style="flex-basis:50%">
<iframe src="https://www.google.com/maps/embed?pb=!1m14!1m8!1m3!1d1267.2923172908856!2d8.760237667679604!3d47.284573436388186!3m2!1i1024!2i768!4f13.1!3m3!1m2!1s0x0%3A0xbcc088ab1916ca82!2zNDfCsDE3JzA1LjIiTiA4wrA0NSczNy42IkU!5e1!3m2!1sde!2sch!4v1640719476925!5m2!1sde!2sch" width="600" height="450" style="border:0;" allowfullscreen="" loading="lazy"></iframe>
</div>
</div>
</div></div>
</div></div>



<div class="wp-block-cover alignfull has-nv-light-bg-background-color has-background-dim" style="min-height:600px;aspect-ratio:unset;"><div class="wp-block-cover__inner-container is-layout-flow wp-block-cover-is-layout-flow">
<div class="wp-block-group"><div class="wp-block-group__inner-container is-layout-flow wp-block-group-is-layout-flow">
<div style="height:50px" aria-hidden="true" class="wp-block-spacer"></div>



<div class="wp-block-columns are-vertically-aligned-center is-layout-flex wp-container-core-columns-is-layout-9d6595d7 wp-block-columns-is-layout-flex">
<div class="wp-block-column is-vertically-aligned-center is-layout-flow wp-block-column-is-layout-flow" style="flex-basis:50%">
<div data-wp-interactive="core/file" class="wp-block-file"><object data-wp-bind--hidden="!state.hasPdfPreview" hidden class="wp-block-file__embed" data="https://imkereimuseum.ch/wp-content/uploads/2021/12/flyer_imkereimuseum.pdf" type="application/pdf" style="width:100%;height:600px" aria-label="Einbettung von Einbettung von flyer_imkereimuseum.."></object><a href="https://imkereimuseum.ch/wp-content/uploads/2021/12/flyer_imkereimuseum.pdf">flyer_imkereimuseum</a><a href="https://imkereimuseum.ch/wp-content/uploads/2021/12/flyer_imkereimuseum.pdf" class="wp-block-file__button" download>Herunterladen</a></div>
</div>



<div class="wp-block-column is-vertically-aligned-center is-layout-flow wp-block-column-is-layout-flow" style="flex-basis:50%">
<h2 class="has-text-align-left has-neve-text-color-color has-text-color wp-block-heading">Sponsoring</h2>



<p class="has-text-align-left has-neve-text-color-color has-text-color" style="font-size:17px">Weitere Raritäten oder Spenden werden gerne entgegengenommen. Sponsoren werden hier und in der gedruckten Version mit Namen und Logo erwähnt.</p>
</div>
</div>
</div></div>
</div></div>

<p>Das Imkereimuseum in Grüningen zeigt eine Sammlung an Exponaten um die Imkerei. Das Museum wird von Imkerverein Bezirk Hinwil geführt. Öffnungszeiten April bis Oktober jeweils am 1. und 3. Sonntag im Monat von 14.00 bis 17.00 Uhr (ausgenommen hohe Feiertage). Führungen Führungen werden nach Vereinbarung durchgeführt. Preise Der Eintritt ist frei, freiwillige Beiträge sind willkommen.</p>
